 when 67 is divided by 36.
31
Calculate the remainder when 1528 is divided by 302.
18
What is the remainder when 72 is divided by 72?
0
What is the remainder when 85 is divided by 44?
41
Calculate the remainder when 17098 is divided by 34.
30
What is the remainder when 4897 is divided by 1223?
5
What is the remainder when 67 is divided by 23?
21
What is the remainder when 193 is divided by 9?
4
Calculate the remainder when 309 is divided by 71.
25
Calculate the remainder when 1626 is divided by 811.
4
What is the remainder when 1137 is divided by 285?
282
What is the remainder when 106 is divided by 19?
11
Calculate the remainder when 7468 is divided by 393.
1
What is the remainder when 2150 is divided by 160?
70
Calculate the remainder when 298 is divided by 23.
22
Calculate the remainder when 915 is divided by 49.
33
Calculate the remainder when 220 is divided by 37.
35
What is the remainder when 221 is divided by 28?
25
Calculate the remainder when 1043 is divided by 27.
17
What is the remainder when 670 is divided by 30?
10
What is the remainder when 5254 is divided by 26?
2
Calculate the remainder when 99918 is divided by 40.
38
What is the remainder when 1740 is divided by 249?
246
What is the remainder when 209 is divided by 1?
0
What is the remainder when 149 is divided by 33?
17
Calculate the remainder when 233 is divided by 47.
45
Calculate the remainder when 2405 is divided by 799.
8
What is the remainder when 172 is divided by 53?
13
What is the remainder when 415 is divided by 8?
7
Calculate the remainder when 1341 is divided by 17.
15
What is the remainder when 43 is divided by 15?
13
What is the remainder when 4360 is divided by 1453?
1
What is the remainder when 221 is divided by 5?
1
Calculate the remainder when 742 is divided by 62.
60
Calculate the remainder when 1584 is divided by 22.
0
Calculate the remainder when 385 is divided by 169.
47
Calculate the remainder when 33 is divided by 5.
3
Calculate the remainder when 497 is divided by 101.
93
What is the remainder when 1188 is divided by 62?
10
What is the remainder when 437 is divided by 216?
5
What is the remainder when 12643 is divided by 45?
43
Calculate the remainder when 817 is divided by 272.
1
What is the remainder when 550 is divided by 48?
22
Calculate the remainder when 1150 is divided by 105.
100
What is the remainder when 338 is divided by 86?
80
Calculate the remainder when 2144 is divided by 74.
72
What is the remainder when 41 is divided by 36?
5
What is the remainder when 36 is divided by 11?
3
Calculate the remainder when 1091 is divided by 55.
46
Calculate the remainder when 55 is divided by 30.
25
Calculate the remainder when 1664 is divided by 45.
44
What is the remainder when 76 is divided by 36?
4
Calculate the remainder when 29 is divided by 12.
5
Calculate the remainder when 111 is divided by 38.
35
What is the remainder when 42 is divided by 41?
1
What is the remainder when 99 is divided by 53?
46
What is the remainder when 2396 is divided by 16?
12
Calculate the remainder when 515 is divided by 199.
117
Calculate the remainder when 68 is divided by 25.
18
What is the remainder when 3628 is divided by 55?
53
What is the remainder when 743 is divided by 52?
15
What is the remainder when 890 is divided by 11?
10
What is the remainder when 100 is divided by 27?
19
What is the remainder when 243 is divided by 123?
120
What is the remainder when 262 is divided by 92?
78
Calculate the remainder when 102 is divided by 11.
3
Calculate the remainder when 1598 is divided by 6.
2
What is the remainder when 162 is divided by 58?
46
What is the remainder when 8094 is divided by 135?
129
Calculate the remainder when 468 is divided by 32.
20
What is the remainder when 585 is divided by 169?
78
What is the remainder when 1175 is divided by 24?
23
What is the remainder when 576 is divided by 97?
91
What is the remainder when 8552 is divided by 60?
32
Calculate the remainder when 3741 is divided by 78.
75
What is the remainder when 268 is divided by 6?
4
Calculate the remainder when 18 is divided by 9.
0
What is the remainder when 551 is divided by 25?
1
Calculate the remainder when 39 is divided by 32.
7
What is the remainder when 188 is divided by 86?
16
What is the remainder when 90 is divided by 36?
18
Calculate the remainder when 224 is divided by 108.
8
Calculate the remainder when 244 is divided by 85.
74
What is the remainder when 268 is divided by 29?
7
Calculate the remainder when 1067 is divided by 69.
32
What is the remainder when 216 is divided by 57?
45
What is the remainder when 2430 is divided by 22?
10
What is the remainder when 391 is divided by 100?
91
Calculate the remainder when 42 is divided by 10.
2
Calculate the remainder when 407 is divided by 41.
38
What is the remainder when 602 is divided by 11?
8
What is the remainder when 272 is divided by 55?
52
What is the remainder when 600 is divided by 584?
16
What is the remainder when 166 is divided by 24?
22
What is the remainder when 1120 is divided by 116?
76
What is the remainder when 10 is divided by 5?
0
What is the remainder when 34184 is divided by 43?
42
What is the remainder when 100 is divided by 57?
43
What is the remainder when 624 is divided by 33?
30
Calculate the remainder when 749 is divided by 249.
2
What is the remainder when 110 is divided by 49?
12
What is the remainder when 136 is divided by 29?
20
What is the remainder when 1369 is divided by 98?
95
Calculate the remainder when 324 is divided by 16.
4
What is the remainder when 33 is divided by 14?
5
What is the remainder when 445 is divided by 26?
3
What is the remainder when 517 is divided by 165?
22
Calculate the remainder when 18979 is divided by 333.
331
What is the remainder when 23 is divided by 13?
10
What is the remainder when 292 is divided by 102?
88
Calculate the remainder when 192 is divided by 65.
62
Calculate the remainder when 105 is divided by 27.
24
Calculate the remainder when 7047 is divided by 25.
22
Calculate the remainder when 803 is divided by 204.
191
Calculate the remainder when 378 is divided by 120.
18
Calculate the remainder when 382 is divided by 16.
14
Calculate the remainder when 528 is divided by 42.
24
Calculate the remainder when 52 is divided by 13.
0
What is the remainder when 742 is divided by 186?
184
Calculate the remainder when 2377 is divided by 47.
27
Calculate the remainder when 2258 is divided by 58.
54
Calculate the remainder when 2655 is divided by 1290.
75
Calculate the remainder when 587 is divided by 19.
17
Calculate the remainder when 4928 is divided by 21.
14
What is the remainder when 101 is divided by 9?
2
What is the remainder when 291 is divided by 33?
27
What is the remainder when 638 is divided by 284?
70
Calculate the remainder when 236 is divided by 27.
20
What is the remainder when 215 is divided by 44?
39
Calculate the remainder when 281 is divided by 104.
73
Calculate the remainder when 129 is divided by 33.
30
What is the remainder when 389 is divided by 39?
38
Calculate the remainder when 437 is divided by 40.
37
Calculate the remainder when 176 is divided by 20.
16
What is the remainder when 349 is divided by 143?
63
What is the remainder when 176 is divided by 26?
20
Calculate the remainder when 229 is divided by 10.
9
What is the remainder when 76 is divided by 2?
0
What is the remainder when 254 is divided by 77?
23
Calculate the remainder when 156 is divided by 16.
12
What is the remainder when 681 is divided by 3?
0
Calculate the remainder when 6504 is divided by 4.
0
Calculate the remainder when 221 is divided by 38.
31
Calculate the remainder when 788 is divided by 33.
29
What is the remainder when 505 is divided by 40?
25
Calculate the remainder when 335 is divided by 28.
27
What is the remainder when 2547 is divided by 75?
72
What is the remainder when 521 is divided by 75?
71
Calculate the remainder when 165 is divided by 29.
20
Calculate the remainder when 21581 is divided by 11.
10
Calculate the remainder when 80 is divided by 21.
17
What is the remainder when 397 is divided by 390?
7
Calculate the remainder when 1636 is divided by 48.
4
What is the remainder when 77 is divided by 75?
2
What is the remainder when 846 is divided by 84?
6
Wha